{"id":489,"date":"2018-05-05T15:09:26","date_gmt":"2018-05-05T15:09:26","guid":{"rendered":"https:\/\/grupomananes.com\/wpl\/?page_id=489"},"modified":"2018-05-17T09:23:36","modified_gmt":"2018-05-17T09:23:36","slug":"servicios-graficos","status":"publish","type":"page","link":"https:\/\/www.grupomananes.com\/libreria\/servicios-graficos\/","title":{"rendered":"Servicios Gr\u00e1ficos"},"content":{"rendered":"<p>[et_pb_section fb_built=\u00bb1&#8243; _builder_version=\u00bb3.2.1&#8243; custom_padding=\u00bb||1px|\u00bb][et_pb_row _builder_version=\u00bb3.0.47&#8243; background_size=\u00bbinitial\u00bb background_position=\u00bbtop_left\u00bb background_repeat=\u00bbrepeat\u00bb][et_pb_column type=\u00bb4_4&#8243; _builder_version=\u00bb3.0.47&#8243; parallax=\u00bboff\u00bb parallax_method=\u00bbon\u00bb][et_pb_text _builder_version=\u00bb3.2.2&#8243; text_font=\u00bbAdvent Pro||||||||\u00bb text_text_color=\u00bb#1088d3&#8243; text_font_size=\u00bb30px\u00bb text_font_size_phone=\u00bb33px\u00bb text_font_size_last_edited=\u00bbon|tablet\u00bb]<span class=\"fs28 cf3 ff1\">Servicios Gr\u00e1ficos<\/span><br \/>\n[\/et_pb_text][\/et_pb_column][\/et_pb_row][\/et_pb_section][et_pb_section fb_built=\u00bb1&#8243; _builder_version=\u00bb3.0.47&#8243;][et_pb_row _builder_version=\u00bb3.0.47&#8243; background_size=\u00bbinitial\u00bb background_position=\u00bbtop_left\u00bb background_repeat=\u00bbrepeat\u00bb][et_pb_column type=\u00bb4_4&#8243; _builder_version=\u00bb3.0.47&#8243; parallax=\u00bboff\u00bb parallax_method=\u00bbon\u00bb][et_pb_text _builder_version=\u00bb3.3&#8243;]La mejor relaci\u00f3n calidad-precio en impresi\u00f3n de:<br \/>\n[\/et_pb_text][\/et_pb_column][\/et_pb_row][\/et_pb_section][et_pb_section fb_built=\u00bb1&#8243; _builder_version=\u00bb3.3&#8243; custom_margin=\u00bb||-6%|\u00bb custom_margin_phone=\u00bb||-16%|\u00bb custom_margin_last_edited=\u00bbon|desktop\u00bb custom_padding=\u00bb0px||0px|\u00bb][et_pb_row _builder_version=\u00bb3.0.47&#8243; background_size=\u00bbinitial\u00bb background_position=\u00bbtop_left\u00bb background_repeat=\u00bbrepeat\u00bb][et_pb_column type=\u00bb1_2&#8243; _builder_version=\u00bb3.0.47&#8243; parallax=\u00bboff\u00bb parallax_method=\u00bbon\u00bb][et_pb_image src=\u00bbhttp:\/\/www.grupomananes.com\/libreria\/wp-content\/uploads\/2018\/05\/servicios-graficos.gif\u00bb _builder_version=\u00bb3.3&#8243;]&nbsp;<br \/>\n[\/et_pb_image][\/et_pb_column][et_pb_column type=\u00bb1_2&#8243; _builder_version=\u00bb3.0.47&#8243; parallax=\u00bboff\u00bb parallax_method=\u00bbon\u00bb][et_pb_text _builder_version=\u00bb3.3&#8243; text_font=\u00bbTrebuchet||||||||\u00bb text_font_size=\u00bb23px\u00bb text_font_size_tablet=\u00bb26px\u00bb text_font_size_last_edited=\u00bbon|phone\u00bb inline_fonts=\u00bbAlegreya SC,Amatic SC,Amaranth,Angkor,Architects Daughter,Abril Fatface,Barlow Condensed,BioRhyme Expanded,Devonshire,Homemade Apple,Holtwood One SC,Libre Barcode 39,Poller One,Wendy One,Slackey,Saira Extra Condensed\u00bb]<\/p>\n<p style=\"text-align: center;\"><span style=\"font-family: Amaranth; font-weight: normal;\"><strong><\/strong><\/span><\/p>\n<p style=\"text-align: center;\"><span style=\"font-family: Amaranth; font-weight: normal;\"><strong>Tarjetas comerciales<\/strong><\/span><\/p>\n<h1><\/h1>\n<h1 style=\"text-align: right;\"><span style=\"font-family: 'Saira Extra Condensed'; font-weight: normal;\">Sobres<\/span><\/h1>\n<h1><span style=\"font-family: Slackey; font-weight: normal;\">Cartas<\/span><\/h1>\n<p>&nbsp;<\/p>\n<p style=\"text-align: center;\"><span style=\"font-family: 'Wendy One'; font-weight: normal;\">Tarjetas de visita<\/span><\/p>\n<p>&nbsp;<\/p>\n<p><span style=\"font-family: 'Holtwood One SC'; font-weight: normal;\">Facturas<\/span><\/p>\n<p style=\"text-align: right;\"><span style=\"font-family: 'Poller One'; font-weight: normal;\">Albaranes<\/span><\/p>\n<p style=\"text-align: center;\">\n<p>[\/et_pb_text][\/et_pb_column][\/et_pb_row][\/et_pb_section][et_pb_section fb_built=\u00bb1&#8243; _builder_version=\u00bb3.0.47&#8243;][et_pb_row _builder_version=\u00bb3.0.47&#8243; background_size=\u00bbinitial\u00bb background_position=\u00bbtop_left\u00bb background_repeat=\u00bbrepeat\u00bb][et_pb_column type=\u00bb1_2&#8243; _builder_version=\u00bb3.0.47&#8243; parallax=\u00bboff\u00bb parallax_method=\u00bbon\u00bb][et_pb_text _builder_version=\u00bb3.3&#8243; text_font=\u00bbTrebuchet||||||||\u00bb text_font_size=\u00bb23px\u00bb text_font_size_tablet=\u00bb26px\u00bb text_font_size_last_edited=\u00bbon|phone\u00bb inline_fonts=\u00bbAclonica,Bad Script,Baloo Paaji,Coming Soon\u00bb]<\/p>\n<p style=\"text-align: left;\"><span style=\"font-family: Aclonica; font-weight: normal;\"><strong>Carpetas\u00a0<\/strong><\/span><\/p>\n<p>&nbsp;<\/p>\n<p style=\"text-align: center;\"><span style=\"font-family: 'Bad Script'; font-weight: normal;\"><strong>Folletos publicitarios<\/strong><\/span><\/p>\n<p>&nbsp;<\/p>\n<p><strong><span style=\"font-family: 'Coming Soon';\">D\u00edpticos<\/span><\/strong><\/p>\n<p style=\"text-align: right;\"><span style=\"font-family: 'Baloo Paaji'; font-weight: normal;\">Tr\u00edpticos<\/span><\/p>\n<p style=\"text-align: center;\">[\/et_pb_text][\/et_pb_column][et_pb_column type=\u00bb1_2&#8243; _builder_version=\u00bb3.0.47&#8243; parallax=\u00bboff\u00bb parallax_method=\u00bbon\u00bb][et_pb_image src=\u00bbhttp:\/\/www.grupomananes.com\/libreria\/wp-content\/uploads\/2018\/05\/print.jpg\u00bb _builder_version=\u00bb3.3&#8243;]&nbsp;<\/p>\n<p style=\"text-align: center;\">[\/et_pb_image][\/et_pb_column][\/et_pb_row][\/et_pb_section][et_pb_section fb_built=\u00bb1&#8243; _builder_version=\u00bb3.3&#8243; custom_margin=\u00bb-6%|||\u00bb custom_margin_last_edited=\u00bbon|tablet\u00bb custom_padding=\u00bb6px|0px|0|0px|false|false\u00bb][et_pb_row _builder_version=\u00bb3.0.47&#8243; background_size=\u00bbinitial\u00bb background_position=\u00bbtop_left\u00bb background_repeat=\u00bbrepeat\u00bb][et_pb_column type=\u00bb1_2&#8243; _builder_version=\u00bb3.0.47&#8243; parallax=\u00bboff\u00bb parallax_method=\u00bbon\u00bb][et_pb_image src=\u00bbhttp:\/\/www.grupomananes.com\/libreria\/wp-content\/uploads\/2018\/05\/pantone.jpg\u00bb _builder_version=\u00bb3.3&#8243;]&nbsp;<\/p>\n<p style=\"text-align: center;\">[\/et_pb_image][\/et_pb_column][et_pb_column type=\u00bb1_2&#8243; _builder_version=\u00bb3.0.47&#8243; parallax=\u00bboff\u00bb parallax_method=\u00bbon\u00bb][et_pb_text _builder_version=\u00bb3.3&#8243; inline_fonts=\u00bbCreepster,Damion,Galdeano,Glass Antiqua,Inconsolata,Libre Barcode 128,Lobster,Alfa Slab One,Finger Paint\u00bb]<\/p>\n<h1 style=\"text-align: center;\"><span style=\"font-family: Damion; font-weight: normal;\">Invitaciones de Boda<\/span><\/h1>\n<p>&nbsp;<\/p>\n<h1><\/h1>\n<h1><\/h1>\n<h1><span style=\"font-family: Lobster; font-weight: normal;\">Calendarios<\/span><\/h1>\n<h2><\/h2>\n<h2 style=\"text-align: right;\"><span style=\"font-family: 'Kumar One'; font-weight: normal;\">Christmas<\/span><\/h2>\n<h1><\/h1>\n<h1><\/h1>\n<h1>\u00a0<span style=\"font-family: 'Finger Paint'; font-weight: normal;\">Sellos de<\/span> <span style=\"font-family: 'Finger Paint';\">caucho<\/span><\/h1>\n<p style=\"text-align: center;\">[\/et_pb_text][\/et_pb_column][\/et_pb_row][\/et_pb_section][et_pb_section fb_built=\u00bb1&#8243; _builder_version=\u00bb3.0.47&#8243; custom_padding=\u00bb0|0px|50px|0px|false|false\u00bb][et_pb_row _builder_version=\u00bb3.0.47&#8243; background_size=\u00bbinitial\u00bb background_position=\u00bbtop_left\u00bb background_repeat=\u00bbrepeat\u00bb custom_padding=\u00bb0|0px|25.25px|0px|false|false\u00bb][et_pb_column type=\u00bb1_2&#8243; _builder_version=\u00bb3.0.47&#8243; parallax=\u00bboff\u00bb parallax_method=\u00bbon\u00bb][et_pb_text _builder_version=\u00bb3.3&#8243; inline_fonts=\u00bbChelsea Market,Fascinate Inline,Libre Barcode 39 Text,Offside\u00bb]&nbsp;<\/p>\n<p style=\"text-align: center;\"><span style=\"font-family: Dekko; font-weight: normal; font-size: xx-large;\"><strong>Encuadernaciones<\/strong><\/span><\/p>\n<p>&nbsp;<\/p>\n<p>&nbsp;<\/p>\n<p><span style=\"font-size: xx-large; font-family: 'Chelsea Market'; font-weight: normal;\">Plastificados<\/span><\/p>\n<p>&nbsp;<\/p>\n<p style=\"text-align: center;\"><span style=\"font-size: xx-large;\"><strong><span style=\"font-family: Offside;\">Etiquetas<\/span><\/strong><\/span><\/p>\n<p style=\"text-align: center;\">[\/et_pb_text][\/et_pb_column][et_pb_column type=\u00bb1_2&#8243; _builder_version=\u00bb3.0.47&#8243; parallax=\u00bboff\u00bb parallax_method=\u00bbon\u00bb][et_pb_image src=\u00bbhttp:\/\/www.grupomananes.com\/libreria\/wp-content\/uploads\/2018\/05\/offset-1.jpg\u00bb _builder_version=\u00bb3.3&#8243;]&nbsp;<\/p>\n<p style=\"text-align: center;\">[\/et_pb_image][\/et_pb_column][\/et_pb_row][\/et_pb_section]<\/p>\n","protected":false},"excerpt":{"rendered":"<p>Servicios Gr\u00e1ficos La mejor relaci\u00f3n calidad-precio en impresi\u00f3n de: &nbsp; Tarjetas comerciales Sobres Cartas &nbsp; Tarjetas de visita &nbsp; Facturas Albaranes Carpetas\u00a0 &nbsp; Folletos publicitarios &nbsp; D\u00edpticos Tr\u00edpticos &nbsp; &nbsp; Invitaciones de Boda &nbsp; Calendarios Christmas \u00a0Sellos de caucho &nbsp; Encuadernaciones &nbsp; &nbsp; Plastificados &nbsp; Etiquetas &nbsp;<\/p>\n","protected":false},"author":1,"featured_media":0,"parent":0,"menu_order":0,"comment_status":"closed","ping_status":"closed","template":"","meta":{"_et_pb_use_builder":"on","_et_pb_old_content":"","_et_gb_content_width":"","footnotes":""},"_links":{"self":[{"href":"https:\/\/www.grupomananes.com\/libreria\/wp-json\/wp\/v2\/pages\/489"}],"collection":[{"href":"https:\/\/www.grupomananes.com\/libreria\/wp-json\/wp\/v2\/pages"}],"about":[{"href":"https:\/\/www.grupomananes.com\/libreria\/wp-json\/wp\/v2\/types\/page"}],"author":[{"embeddable":true,"href":"https:\/\/www.grupomananes.com\/libreria\/wp-json\/wp\/v2\/users\/1"}],"replies":[{"embeddable":true,"href":"https:\/\/www.grupomananes.com\/libreria\/wp-json\/wp\/v2\/comments?post=489"}],"version-history":[{"count":51,"href":"https:\/\/www.grupomananes.com\/libreria\/wp-json\/wp\/v2\/pages\/489\/revisions"}],"predecessor-version":[{"id":1005,"href":"https:\/\/www.grupomananes.com\/libreria\/wp-json\/wp\/v2\/pages\/489\/revisions\/1005"}],"wp:attachment":[{"href":"https:\/\/www.grupomananes.com\/libreria\/wp-json\/wp\/v2\/media?parent=489"}],"curies":[{"name":"wp","href":"https:\/\/api.w.org\/{rel}","templated":true}]}}